of x and 1520?
80
Suppose 2*q + 20 = 3*k - 2*q, -2*k + 4 = 2*q. Suppose -3*w = k*o - 741, -209 = -o - 11*w + 15*w. What is the highest common factor of o and 54?
27
Suppose -53*o = -51*o - 536. Let r = o + -220. What is the highest common factor of r and 112?
16
Let c = -59 + 119. Let l = -1382 - -1337. Let o = c + l. Calculate the greatest common divisor of 165 and o.
15
Let y(m) = 2*m**3 - 17*m**2 + 24*m - 10. Let d be y(7). Calculate the highest common factor of d and 5632.
11
Let z(j) = -j**3 + j**2 + 3. Let b be z(0). Let t(o) = 11*o - 3. Let w be t(b). What is the greatest common divisor of 50 and w?
10
Let t be 20/5*16362/72. What is the highest common factor of 1010 and t?
101
Suppose 8*x = -423 + 2695. Suppose -x = -4*s - 2*n, 4*s = -0*s + 4*n + 296. Calculate the highest common factor of 18 and s.
18
Let o = 12901 + -12888. Let n = -1483 + 2094. What is the greatest common factor of o and n?
13
Let c(l) = -17*l - 9. Let o(q) = -q. Let b(t) = -c(t) - 3*o(t). Let z be b(3). Suppose -3*u + z = -84. What is the greatest common factor of 34 and u?
17
Let w(k) = 4*k**2 + 39*k - 235. Let n be w(8). Suppose b + 0*b - 2*s - 47 = 0, -5*b + 205 = -4*s. What is the greatest common divisor of b and n?
37
Let u be (-15972)/(-42) - (-26)/(-91). Let b be (18 - 38)*(-2 + 0). What is the highest common factor of u and b?
20
Let l be 1 + (-198)/(-27) + (-1)/3. Let p be (-18)/12 - (-4 - 140/l). What is the greatest common divisor of p and 460?
20
Let l(v) = 77*v - 2684. Let d be l(35). Calculate the highest common divisor of d and 7502.
11
Suppose u = 119 - 116. Let b = 42 + -26. Let f = b - 10. Calculate the highest common divisor of f and u.
3
Suppose -118*f = -137*f + 1311. Calculate the highest common divisor of 299 and f.
23
Suppose 31 = s - 38. Let r = -28 - -74. What is the highest common divisor of r and s?
23
Let k(d) = -d**3 + 60*d**2 + 65*d + 806. Let q be k(60). Calculate the greatest common divisor of q and 26.
26
Let u be (2/(-12))/(2/618)*4. Let k be u/(-6) + 36/(-108). Calculate the greatest common divisor of 2 and k.
2
Let z be (-76)/(-4) - -2 - (-2 - 3). Suppose 3*y + y = -2*p + 44, -2*y = -p + z. Let u be 6/7*(9 - 2). Calculate the greatest common divisor of p and u.
6
Suppose 303743 - 103935 = 223*y. Let u be -3 + 1 - 1*-16. Calculate the highest common factor of y and u.
14
Suppose -h + 2*a = h + 236, 0 = 2*a + 4. Let d = 126 + h. What is the highest common factor of 24 and d?
6
Suppose -55*o + 53*o = -4*w + 306, -w + 75 = -o. What is the greatest common factor of w and 1196?
26
Suppose 11*t - 276 + 56 = 0. Suppose -t*m + m + 2907 = 0. What is the greatest common factor of m and 51?
51
Suppose 506*r + 4750 = 511*r. What is the greatest common divisor of r and 100?
50
Let w be (-202)/(-6) + (-10)/15. Suppose 74 = 25*v - 27*v. Let x = v - -92. What is the highest common factor of w and x?
11
Suppose -416371 = -121*k - 118*k - 108539. Calculate the greatest common factor of k and 70.
14
Suppose -4*v + 3*h + 20277 = 0, -8210 = -2*v + 3*h + 1927. What is the highest common divisor of 80 and v?
10
Suppose 6*a - 4*u = 2*a + 28, 4*u = 4. Suppose -a*x + 295 = -65. What is the highest common divisor of 108 and x?
9
Let g be -5 + 4 - (2/(-3))/((-40)/(-420)). Let q = -3 - -5. Suppose q*s - 38 = -3*x + 2*x, 4*s - 70 = x. What is the highest common divisor of g and s?
6
Suppose 12*q = 45 + 3. Suppose -2 = q*y + 2, -801 = -5*f + y. Calculate the highest common factor of 30 and f.
10
Suppose -3501*m + 52 = -3488*m. Let h = -14 - -60. Suppose -v + 4*p = -m, 0*v + h = 3*v + 5*p. What is the highest common factor of 42 and v?
6
Suppose 3115 = -41*m + 48*m. Suppose 9*y - 212 = m. Calculate the greatest common factor of y and 219.
73
Let n(b) = b**2 + 32*b - 3015. Let k be n(-76). What is the greatest common factor of k and 3431?
47
Let y(g) = -g**2 - 12*g - 4. Let r be y(-5). Suppose 6*p = 2*p + 3*i + r, 4*i = p - 24. Suppose p*l - 32 = -4*l. What is the highest common divisor of l and 6?
2
Let t = -7577 - -10647. Calculate the greatest common factor of t and 30.
10
Let x(y) = y**3 - 12*y**2 - 85*y + 2. Let f be x(17). What is the highest common divisor of 131 and f?
1
Let w(z) = -z**2 - 18*z - 8. Let h be w(-11). Let f = 58 + -54. Suppose -94 = -f*b + 2*k, 0 = -3*b + k + k + 71. Calculate the highest common factor of b and h.
23
Suppose 8*q = -41*q + 395 + 1467. Calculate the highest common divisor of 28614 and q.
38
Suppose -40 = -2*l + 4*d, -2*l + l - 3*d + 40 = 0. Suppose -2*n + 4*n - 20 = 0. Suppose 0*u + 70 = n*u. What is the highest common divisor of u and l?
7
Let p(c) = c**2 - 54*c - 1701. Let f be p(-23). What is the highest common divisor of f and 1890?
70
Let g(f) = 2*f**2 + 2*f - 1. Let p be g(-2). Suppose 6*b - 153 = -3*v + p*b, 3*b = v - 71. Calculate the highest common divisor of 21 and v.
7
Let h be ((-3)/2)/((-6)/16). Suppose 0 = h*k + 5*d - 77, 0 = 2*k - k - d - 17. What is the highest common divisor of k and 54?
18
Let i(k) = 3*k + 63. Let l be i(-20). Suppose -l*m = -3*o - 339, -2*m + 449 = 2*m - 3*o. What is the greatest common divisor of 20 and m?
10
Let f = -209 + 194. Let d be (52 - 47)/((-1)/f). Calculate the greatest common divisor of d and 15.
15
Suppose -6*n + 10*n - 1054 = 5*c, -3*c = -n + 260. What is the highest common divisor of n and 3059?
133
Let y = 15541 - 14605. What is the greatest common divisor of 3588 and y?
156
Let g(s) = 8*s**3 - 4*s**2 - 81*s + 427. Let b be g(5). Calculate the highest common divisor of 4 and b.
2
Suppose 10*c - 102 = -12. Suppose -3*z + 5*y + 55 - c = 0, z + y = 2. Calculate the greatest common divisor of z and 217.
7
Let y(f) be the second derivative of -7*f**3/6 - 29*f**2 + 36*f. Let p be y(-10). Calculate the highest common divisor of p and 66.
6
Let s(m) = -29*m**2 + 13*m - 17. Let u be s(2). Let k = -44 - u. What is the greatest common divisor of 9 and k?
9
Let i(h) = -h**3 + 34*h**2 + 13*h - 60. Let a be i(34). Let w = 473 - a. Suppose 2*y + 0*y = 26. What is the highest common factor of y and w?
13
Suppose -14*u = 1626 - 268. Let b = 122 + u. Calculate the greatest common factor of 100 and b.
25
Let c(h) = -2*h**3 + h**2 + h - 24. Let z be c(-5). Suppose z = 5*j + j. Calculate the highest common factor of j and 82.
41
Let v = -6993 + 7011. What is the highest common factor of 23094 and v?
18
Let j(o) = -175*o + 203. Let f be j(0). Calculate the greatest common factor of f and 14.
7
Let j = 143 - 119. Let o be (j/32)/(-1 + (-33)/(-24)). Suppose 0 = -o*a + 4*a - 80. What is the greatest common factor of a and 30?
10
Let l be (-89552)/(-104) + 4/(-52). What is the greatest common divisor of 21 and l?
21
Suppose -4*d + 6*d = -5*y + 38, -5*d = 5*y - 50. Let u be (-10 - -4)/(-2) + 48 - y. Calculate the highest common divisor of 120 and u.
15
Let i(f) = 272 - 8*f - 133 - 114. Let l be i(-16). What is the highest common factor of l and 9?
9
Let a be 36 - (2 - (-11 - -1)). Calculate the highest common divisor of a and 84.
12
Let z = -116 - -188. Suppose -66*j + 522 = -63*j. Let k = j + -165. Calculate the highest common factor of k and z.
9
Suppose -22*p - 12 = -144. Suppose 0 = -p*h + 627 + 615. What is the greatest common divisor of h and 46?
23
Let s be (167 - 13) + (-140)/(-28). What is the greatest common divisor of 6 and s?
3
Suppose 16*m - 7294 = 2*m. Let d = -345 + m. Calculate the greatest common divisor of d and 66.
22
Let c = -31 - -25. Let i = 85 - c. Suppose 3*f - 6*f = -39. Calculate the highest common factor of i and f.
13
Let q(g) = -g**2 + 52*g - 663. Let k be q(24). Let f = -52 - -79. What is the greatest common divisor of f and k?
9
Let w(z) = z**2 - 24*z + 29. Let f be w(25). What is the highest common factor of f and 135?
27
Let p = 1854 + -1016. Suppose 0 = 2*k + m - 853, -2*k = -6*m + 10*m - p. Calculate the greatest common divisor of 39 and k.
39
Let n = 424 - 422. Suppose n*z + 5*t = 109, -17*t = 2*z - 13*t - 104. What is the highest common divisor of 147 and z?
21
Let f be (7 + 700/84)/(2/144). What is the greatest common factor of f and 96?
48
Suppose x - 5*x + 188 = 0. Let d = 213 - 233. Let t = d + x. What is the greatest common divisor of 3 and t?
3
Let i = -265 - -267. Suppose -i*u + 566 = -448. What is the greatest common factor of u and 13?
13
Let a be (4